{"id":4766,"date":"2026-01-26T14:45:12","date_gmt":"2026-01-26T18:45:12","guid":{"rendered":"https:\/\/www.pcyc.qc.ca\/?page_id=4766"},"modified":"2026-01-26T14:45:13","modified_gmt":"2026-01-26T18:45:13","slug":"temoignages-de-parents","status":"publish","type":"page","link":"https:\/\/www.pcyc.qc.ca\/fr\/temoignages-de-parents\/","title":{"rendered":"T\u00e9moignages de parents"},"content":{"rendered":"\n<p>\u00ab Ma fille a tellement grandi depuis qu&rsquo;elle a rejoint l&rsquo;\u00e9cole de voile, non seulement en tant que navigatrice, mais aussi en termes de confiance en elle. Chaque matin, elle se r\u00e9veille impatiente de retourner sur l&rsquo;eau ! \u00bb<br><strong>Sarah, parent<\/strong><\/p>\n\n\n\n<div style=\"height:47px\" aria-hidden=\"true\" class=\"wp-block-spacer\"><\/div>\n\n\n\n<p>\u00ab En tant que p\u00e8re, la s\u00e9curit\u00e9 est toujours ma priorit\u00e9 absolue, et ce programme r\u00e9pond \u00e0 mes attentes. Les entra\u00eeneurs sont attentifs, professionnels et bien organis\u00e9s. Mon fils a acquis des comp\u00e9tences pr\u00e9cieuses, s&rsquo;est fait de nouveaux amis et rentrait \u00e0 la maison avec le sourire tous les jours. Nous ne pourrions \u00eatre plus heureux. \u00bb<br><strong>David <\/strong>N.<\/p>\n\n\n\n<div style=\"height:47px\" aria-hidden=\"true\" class=\"wp-block-spacer\"><\/div>\n\n\n\n<p>\u00ab Nos enfants n&rsquo;avaient aucune exp\u00e9rience de la voile avant cet \u00e9t\u00e9, et leur transformation a \u00e9t\u00e9 incroyable. Ils parlent d\u00e9sormais de virement de bord et de changements de vent comme de petits marins chevronn\u00e9s ! \u00bb<br><strong>\u00c9milie et Marc<\/strong><\/p>\n\n\n\n<div style=\"height:47px\" aria-hidden=\"true\" class=\"wp-block-spacer\"><\/div>\n\n\n\n<p>\u00ab Cette \u00e9cole de voile offre un \u00e9quilibre parfait entre plaisir et apprentissage. Le personnel sait vraiment comment motiver les enfants tout en leur apprenant l&rsquo;autonomie et le travail d&rsquo;\u00e9quipe. Nous nous sommes d\u00e9j\u00e0 r\u00e9inscrits pour la saison prochaine ! \u00bb<br><strong>Jennifer, maman de deux marins<\/strong><\/p>\n\n\n\n<div style=\"height:47px\" aria-hidden=\"true\" class=\"wp-block-spacer\"><\/div>\n\n\n\n<p>\u00ab Nous avons \u00e9t\u00e9 tr\u00e8s impressionn\u00e9s par le professionnalisme et la communication d\u00e8s le premier jour. Le programme a d\u00e9pass\u00e9 nos attentes \u00e0 tous les \u00e9gards : des entra\u00eeneurs formidables, un \u00e9quipement exceptionnel et une communaut\u00e9 vraiment accueillante. Notre fille est impatiente de poursuivre son apprentissage de la voile ici. \u00bb<br><strong>Priya &amp; Anil<\/strong><\/p>\n\n\n\n<p><\/p>\n","protected":false},"excerpt":{"rendered":"<p>\u00ab Ma fille a tellement grandi depuis qu&rsquo;elle a rejoint l&rsquo;\u00e9cole de voile, non seulement en tant que navigatrice, mais aussi en termes de confiance en elle. Chaque matin, elle se r\u00e9veille impatiente de retourner sur l&rsquo;eau ! \u00bbSarah, parent \u00ab En tant que p\u00e8re, la s\u00e9curit\u00e9 est toujours ma priorit\u00e9 absolue, et ce programme [&hellip;]<\/p>\n","protected":false},"author":14,"featured_media":0,"parent":0,"menu_order":0,"comment_status":"closed","ping_status":"closed","template":"","meta":{"_acf_changed":false,"footnotes":""},"class_list":["post-4766","page","type-page","status-publish","hentry"],"acf":[],"_links":{"self":[{"href":"https:\/\/www.pcyc.qc.ca\/fr\/wp-json\/wp\/v2\/pages\/4766","targetHints":{"allow":["GET"]}}],"collection":[{"href":"https:\/\/www.pcyc.qc.ca\/fr\/wp-json\/wp\/v2\/pages"}],"about":[{"href":"https:\/\/www.pcyc.qc.ca\/fr\/wp-json\/wp\/v2\/types\/page"}],"author":[{"embeddable":true,"href":"https:\/\/www.pcyc.qc.ca\/fr\/wp-json\/wp\/v2\/users\/14"}],"replies":[{"embeddable":true,"href":"https:\/\/www.pcyc.qc.ca\/fr\/wp-json\/wp\/v2\/comments?post=4766"}],"version-history":[{"count":0,"href":"https:\/\/www.pcyc.qc.ca\/fr\/wp-json\/wp\/v2\/pages\/4766\/revisions"}],"wp:attachment":[{"href":"https:\/\/www.pcyc.qc.ca\/fr\/wp-json\/wp\/v2\/media?parent=4766"}],"curies":[{"name":"wp","href":"https:\/\/api.w.org\/{rel}","templated":true}]}}

Témoignages de parents

<p>« Ma fille a tellement grandi depuis qu&rsquo;elle a rejoint l&rsquo;école de voile, non seulement en tant que navigatrice, mais aussi en termes de confiance en elle. Chaque matin, elle se réveille impatiente de retourner sur l&rsquo;eau ! »<br><strong>Sarah, parent</strong></p>



<div style="height:47px" aria-hidden="true" class="wp-block-spacer"></div>



<p>« En tant que père, la sécurité est toujours ma priorité absolue, et ce programme répond à mes attentes. Les entraîneurs sont attentifs, professionnels et bien organisés. Mon fils a acquis des compétences précieuses, s&rsquo;est fait de nouveaux amis et rentrait à la maison avec le sourire tous les jours. Nous ne pourrions être plus heureux. »<br><strong>David </strong>N.</p>



<div style="height:47px" aria-hidden="true" class="wp-block-spacer"></div>



<p>« Nos enfants n&rsquo;avaient aucune expérience de la voile avant cet été, et leur transformation a été incroyable. Ils parlent désormais de virement de bord et de changements de vent comme de petits marins chevronnés ! »<br><strong>Émilie et Marc</strong></p>



<div style="height:47px" aria-hidden="true" class="wp-block-spacer"></div>



<p>« Cette école de voile offre un équilibre parfait entre plaisir et apprentissage. Le personnel sait vraiment comment motiver les enfants tout en leur apprenant l&rsquo;autonomie et le travail d&rsquo;équipe. Nous nous sommes déjà réinscrits pour la saison prochaine ! »<br><strong>Jennifer, maman de deux marins</strong></p>



<div style="height:47px" aria-hidden="true" class="wp-block-spacer"></div>



<p>« Nous avons été très impressionnés par le professionnalisme et la communication dès le premier jour. Le programme a dépassé nos attentes à tous les égards : des entraîneurs formidables, un équipement exceptionnel et une communauté vraiment accueillante. Notre fille est impatiente de poursuivre son apprentissage de la voile ici. »<br><strong>Priya &amp; Anil</strong></p>



<p></p>

<p>« Ma fille a tellement grandi depuis qu&rsquo;elle a rejoint l&rsquo;école de voile, non seulement en tant que navigatrice, mais aussi en termes de confiance en elle. Chaque matin, elle se réveille impatiente de retourner sur l&rsquo;eau ! »Sarah, parent « En tant que père, la sécurité est toujours ma priorité absolue, et ce programme [&hellip;]</p>
