{"id":4427,"date":"2025-07-30T15:23:13","date_gmt":"2025-07-30T19:23:13","guid":{"rendered":"https:\/\/www.pcyc.qc.ca\/?post_type=event&#038;p=4427"},"modified":"2025-07-30T15:23:13","modified_gmt":"2025-07-30T19:23:13","slug":"croisiere-vers-sainte-anne-de-bellevue","status":"publish","type":"event","link":"https:\/\/www.pcyc.qc.ca\/fr\/evenement\/croisiere-vers-sainte-anne-de-bellevue\/","title":{"rendered":"Croisi\u00e8re vers Sainte-Anne-de-Bellevue"},"content":{"rendered":"\n<div class=\"wp-block-columns is-layout-flex wp-container-core-columns-is-layout-9d6595d7 wp-block-columns-is-layout-flex\">\n<div class=\"wp-block-column is-vertically-aligned-center is-layout-flow wp-block-column-is-layout-flow\">\n<figure class=\"wp-block-image size-full\"><img loading=\"lazy\" decoding=\"async\" width=\"1915\" height=\"805\" src=\"https:\/\/www.pcyc.qc.ca\/wp-content\/uploads\/2021\/11\/Environment_splash.png\" alt=\"\" class=\"wp-image-571\" srcset=\"https:\/\/www.pcyc.qc.ca\/wp-content\/uploads\/2021\/11\/Environment_splash.png 1915w, https:\/\/www.pcyc.qc.ca\/wp-content\/uploads\/2021\/11\/Environment_splash-1536x646.png 1536w, https:\/\/www.pcyc.qc.ca\/wp-content\/uploads\/2021\/11\/Environment_splash-1900x799.png 1900w, https:\/\/www.pcyc.qc.ca\/wp-content\/uploads\/2021\/11\/Environment_splash-735x309.png 735w, https:\/\/www.pcyc.qc.ca\/wp-content\/uploads\/2021\/11\/Environment_splash-360x151.png 360w, https:\/\/www.pcyc.qc.ca\/wp-content\/uploads\/2021\/11\/Environment_splash-1200x504.png 1200w\" sizes=\"auto, (max-width: 1915px) 100vw, 1915px\" \/><\/figure>\n<\/div>\n\n\n\n<div class=\"wp-block-column is-layout-flow wp-block-column-is-layout-flow\">\n<p>Nous sommes heureux d\u2019annoncer une nouvelle activit\u00e9 \u00e0 notre calendrier estival &#8211; une croisi\u00e8re du club vers le charmant village de Sainte-Anne-de-Bellevue. Que vous soyez un navigateur aguerri ou que vous n\u2019ayez navigu\u00e9 que pr\u00e8s du club, voici l\u2019occasion id\u00e9ale d\u2019\u00e9largir votre horizon, en compagnie d\u2019autres membres.<\/p>\n\n\n\n<p>Cette sortie de groupe d\u00e9contract\u00e9e est particuli\u00e8rement bien adapt\u00e9e \u00e0 ceux qui n\u2019ont jamais vraiment quitt\u00e9 les environs du club. Si vous avez toujours voulu tenter une premi\u00e8re croisi\u00e8re, c\u2019est le moment parfait pour le faire, avec soutien et camaraderie. Naviguer en groupe rend l\u2019exp\u00e9rience plus conviviale, rassurante et agr\u00e9able. \u00c0 l\u2019arriv\u00e9e, nous partagerons un d\u00eener sur le front de l\u2019eau.<\/p>\n\n\n\n<p>Nous nous r\u00e9unirons pour un briefing des skippers \u00e0 <strong>10 h<\/strong>, avec un d\u00e9part pr\u00e9vu du club \u00e0 <strong>10 h 30<\/strong>. Selon le vent et le niveau de l\u2019eau, le retour pourrait inclure une boucle pittoresque autour de l\u2019extr\u00e9mit\u00e9 ouest de l\u2019\u00eele Dowker.<\/p>\n<\/div>\n<\/div>\n\n\n\n<div class=\"wp-block-buttons is-content-justification-center is-layout-flex wp-container-core-buttons-is-layout-16018d1d wp-block-buttons-is-layout-flex\">\n<div class=\"wp-block-button\"><a class=\"wp-block-button__link has-vivid-cyan-blue-background-color has-background has-medium-font-size has-custom-font-size wp-element-button\" href=\"https:\/\/docs.google.com\/forms\/d\/e\/1FAIpQLScyC98b7A-NsWHRrbxP9pOrL93xLYC157-frUeyZ3COmgUTYg\/viewform?usp=dialog\" style=\"border-radius:10px\">Inscription<\/a><\/div>\n<\/div>\n\n\n\n<p><\/p>\n","protected":false},"excerpt":{"rendered":"<p>Nous sommes heureux d\u2019annoncer une nouvelle activit\u00e9 \u00e0 notre calendrier estival &#8211; une croisi\u00e8re du club vers le charmant village de Sainte-Anne-de-Bellevue. Que vous soyez un navigateur aguerri ou que vous n\u2019ayez navigu\u00e9 que pr\u00e8s du club, voici l\u2019occasion id\u00e9ale d\u2019\u00e9largir votre horizon, en compagnie d\u2019autres membres. Cette sortie de groupe d\u00e9contract\u00e9e est particuli\u00e8rement bien [&hellip;]<\/p>\n","protected":false},"template":"","event-category":[],"class_list":["post-4427","event","type-event","status-publish","hentry"],"acf":[],"_links":{"self":[{"href":"https:\/\/www.pcyc.qc.ca\/fr\/wp-json\/wp\/v2\/event\/4427","targetHints":{"allow":["GET"]}}],"collection":[{"href":"https:\/\/www.pcyc.qc.ca\/fr\/wp-json\/wp\/v2\/event"}],"about":[{"href":"https:\/\/www.pcyc.qc.ca\/fr\/wp-json\/wp\/v2\/types\/event"}],"wp:attachment":[{"href":"https:\/\/www.pcyc.qc.ca\/fr\/wp-json\/wp\/v2\/media?parent=4427"}],"wp:term":[{"taxonomy":"event-category","embeddable":true,"href":"https:\/\/www.pcyc.qc.ca\/fr\/wp-json\/wp\/v2\/event-category?post=4427"}],"curies":[{"name":"wp","href":"https:\/\/api.w.org\/{rel}","templated":true}]}}

Croisière vers Sainte-Anne-de-Bellevue

<div class="wp-block-columns is-layout-flex wp-container-core-columns-is-layout-9d6595d7 wp-block-columns-is-layout-flex">
<div class="wp-block-column is-vertically-aligned-center is-layout-flow wp-block-column-is-layout-flow">
<figure class="wp-block-image size-full"><img loading="lazy" decoding="async" width="1915" height="805" src="https://www.pcyc.qc.ca/wp-content/uploads/2021/11/Environment_splash.png" alt="" class="wp-image-571" srcset="https://www.pcyc.qc.ca/wp-content/uploads/2021/11/Environment_splash.png 1915w, https://www.pcyc.qc.ca/wp-content/uploads/2021/11/Environment_splash-1536x646.png 1536w, https://www.pcyc.qc.ca/wp-content/uploads/2021/11/Environment_splash-1900x799.png 1900w, https://www.pcyc.qc.ca/wp-content/uploads/2021/11/Environment_splash-735x309.png 735w, https://www.pcyc.qc.ca/wp-content/uploads/2021/11/Environment_splash-360x151.png 360w, https://www.pcyc.qc.ca/wp-content/uploads/2021/11/Environment_splash-1200x504.png 1200w" sizes="auto, (max-width: 1915px) 100vw, 1915px" /></figure>
</div>



<div class="wp-block-column is-layout-flow wp-block-column-is-layout-flow">
<p>Nous sommes heureux d’annoncer une nouvelle activité à notre calendrier estival &#8211; une croisière du club vers le charmant village de Sainte-Anne-de-Bellevue. Que vous soyez un navigateur aguerri ou que vous n’ayez navigué que près du club, voici l’occasion idéale d’élargir votre horizon, en compagnie d’autres membres.</p>



<p>Cette sortie de groupe décontractée est particulièrement bien adaptée à ceux qui n’ont jamais vraiment quitté les environs du club. Si vous avez toujours voulu tenter une première croisière, c’est le moment parfait pour le faire, avec soutien et camaraderie. Naviguer en groupe rend l’expérience plus conviviale, rassurante et agréable. À l’arrivée, nous partagerons un dîner sur le front de l’eau.</p>



<p>Nous nous réunirons pour un briefing des skippers à <strong>10 h</strong>, avec un départ prévu du club à <strong>10 h 30</strong>. Selon le vent et le niveau de l’eau, le retour pourrait inclure une boucle pittoresque autour de l’extrémité ouest de l’île Dowker.</p>
</div>
</div>



<div class="wp-block-buttons is-content-justification-center is-layout-flex wp-container-core-buttons-is-layout-16018d1d wp-block-buttons-is-layout-flex">
<div class="wp-block-button"><a class="wp-block-button__link has-vivid-cyan-blue-background-color has-background has-medium-font-size has-custom-font-size wp-element-button" href="https://docs.google.com/forms/d/e/1FAIpQLScyC98b7A-NsWHRrbxP9pOrL93xLYC157-frUeyZ3COmgUTYg/viewform?usp=dialog" style="border-radius:10px">Inscription</a></div>
</div>



<p></p>

<p>Nous sommes heureux d’annoncer une nouvelle activité à notre calendrier estival &#8211; une croisière du club vers le charmant village de Sainte-Anne-de-Bellevue. Que vous soyez un navigateur aguerri ou que vous n’ayez navigué que près du club, voici l’occasion idéale d’élargir votre horizon, en compagnie d’autres membres. Cette sortie de groupe décontractée est particulièrement bien [&hellip;]</p>
