{"id":4085,"date":"2025-04-02T14:02:38","date_gmt":"2025-04-02T18:02:38","guid":{"rendered":"https:\/\/www.pcyc.qc.ca\/?post_type=event&#038;p=4085"},"modified":"2025-05-27T11:23:08","modified_gmt":"2025-05-27T15:23:08","slug":"transat-quebec-st-malo-2024","status":"publish","type":"event","link":"https:\/\/www.pcyc.qc.ca\/fr\/evenement\/transat-quebec-st-malo-2024\/","title":{"rendered":"Transat Quebec St Malo 2024"},"content":{"rendered":"\n<p>En 2024, nos membres Salim Charabati et Alex Turcotte ont particip\u00e9 \u00e0 la l\u00e9gendaire course transatlantique. Ils donneront une pr\u00e9sentation sur les pr\u00e9paratifs de la course ainsi que sur la course elle-m\u00eame, accompagn\u00e9e de photos, etc. La pr\u00e9sentation commencera \u00e0 <strong>19h.<\/strong> Ouvert aux membres d&rsquo;autres clubs ainsi qu&rsquo;\u00e0 d&rsquo;autres invit\u00e9s. L&rsquo;inscription est encourag\u00e9e, mais non obligatoire. Les participants sans inscription sont les bienvenus, et le bar sera ouvert.<\/p>\n\n\n\n<div class=\"wp-block-buttons is-layout-flex wp-block-buttons-is-layout-flex\">\n<div class=\"wp-block-button\"><a class=\"wp-block-button__link wp-element-button\" href=\"https:\/\/pcyc.ivolunteer.com\/june_4th\">Inscription<\/a><\/div>\n<\/div>\n\n\n\n<figure class=\"wp-block-image size-full\"><img loading=\"lazy\" decoding=\"async\" width=\"960\" height=\"714\" src=\"https:\/\/www.pcyc.qc.ca\/wp-content\/uploads\/2025\/04\/thumbnail_IMG_1327.jpg\" alt=\"\" class=\"wp-image-4274\" srcset=\"https:\/\/www.pcyc.qc.ca\/wp-content\/uploads\/2025\/04\/thumbnail_IMG_1327.jpg 960w, https:\/\/www.pcyc.qc.ca\/wp-content\/uploads\/2025\/04\/thumbnail_IMG_1327-735x547.jpg 735w, https:\/\/www.pcyc.qc.ca\/wp-content\/uploads\/2025\/04\/thumbnail_IMG_1327-360x268.jpg 360w\" sizes=\"auto, (max-width: 960px) 100vw, 960px\" \/><\/figure>\n","protected":false},"excerpt":{"rendered":"<p>En 2024, nos membres Salim Charabati et Alex Turcotte ont particip\u00e9 \u00e0 la l\u00e9gendaire course transatlantique. Ils donneront une pr\u00e9sentation sur les pr\u00e9paratifs de la course ainsi que sur la course elle-m\u00eame, accompagn\u00e9e de photos, etc. La pr\u00e9sentation commencera \u00e0 19h. Ouvert aux membres d&rsquo;autres clubs ainsi qu&rsquo;\u00e0 d&rsquo;autres invit\u00e9s. L&rsquo;inscription est encourag\u00e9e, mais non [&hellip;]<\/p>\n","protected":false},"template":"","event-category":[],"class_list":["post-4085","event","type-event","status-publish","hentry"],"acf":[],"_links":{"self":[{"href":"https:\/\/www.pcyc.qc.ca\/fr\/wp-json\/wp\/v2\/event\/4085","targetHints":{"allow":["GET"]}}],"collection":[{"href":"https:\/\/www.pcyc.qc.ca\/fr\/wp-json\/wp\/v2\/event"}],"about":[{"href":"https:\/\/www.pcyc.qc.ca\/fr\/wp-json\/wp\/v2\/types\/event"}],"wp:attachment":[{"href":"https:\/\/www.pcyc.qc.ca\/fr\/wp-json\/wp\/v2\/media?parent=4085"}],"wp:term":[{"taxonomy":"event-category","embeddable":true,"href":"https:\/\/www.pcyc.qc.ca\/fr\/wp-json\/wp\/v2\/event-category?post=4085"}],"curies":[{"name":"wp","href":"https:\/\/api.w.org\/{rel}","templated":true}]}}

<p>En 2024, nos membres Salim Charabati et Alex Turcotte ont participé à la légendaire course transatlantique. Ils donneront une présentation sur les préparatifs de la course ainsi que sur la course elle-même, accompagnée de photos, etc. La présentation commencera à <strong>19h.</strong> Ouvert aux membres d&rsquo;autres clubs ainsi qu&rsquo;à d&rsquo;autres invités. L&rsquo;inscription est encouragée, mais non obligatoire. Les participants sans inscription sont les bienvenus, et le bar sera ouvert.</p>



<div class="wp-block-buttons is-layout-flex wp-block-buttons-is-layout-flex">
<div class="wp-block-button"><a class="wp-block-button__link wp-element-button" href="https://pcyc.ivolunteer.com/june_4th">Inscription</a></div>
</div>



<figure class="wp-block-image size-full"><img loading="lazy" decoding="async" width="960" height="714" src="https://www.pcyc.qc.ca/wp-content/uploads/2025/04/thumbnail_IMG_1327.jpg" alt="" class="wp-image-4274" srcset="https://www.pcyc.qc.ca/wp-content/uploads/2025/04/thumbnail_IMG_1327.jpg 960w, https://www.pcyc.qc.ca/wp-content/uploads/2025/04/thumbnail_IMG_1327-735x547.jpg 735w, https://www.pcyc.qc.ca/wp-content/uploads/2025/04/thumbnail_IMG_1327-360x268.jpg 360w" sizes="auto, (max-width: 960px) 100vw, 960px" /></figure>

<p>En 2024, nos membres Salim Charabati et Alex Turcotte ont participé à la légendaire course transatlantique. Ils donneront une présentation sur les préparatifs de la course ainsi que sur la course elle-même, accompagnée de photos, etc. La présentation commencera à 19h. Ouvert aux membres d&rsquo;autres clubs ainsi qu&rsquo;à d&rsquo;autres invités. L&rsquo;inscription est encouragée, mais non [&hellip;]</p>
