{"id":3276,"date":"2024-05-07T12:47:05","date_gmt":"2024-05-07T16:47:05","guid":{"rendered":"https:\/\/www.pcyc.qc.ca\/?post_type=event&#038;p=3276"},"modified":"2025-09-26T16:29:39","modified_gmt":"2025-09-26T20:29:39","slug":"service-de-dejeuner","status":"publish","type":"event","link":"https:\/\/www.pcyc.qc.ca\/fr\/evenement\/service-de-dejeuner\/","title":{"rendered":"Service de diner"},"content":{"rendered":"\n<p class=\"has-text-align-center\">Ouvert \u00e0 nos membres et \u00e0 leurs invit\u00e9s<\/p>\n\n\n\n<div class=\"wp-block-columns has-background is-layout-flex wp-container-core-columns-is-layout-9d6595d7 wp-block-columns-is-layout-flex\" style=\"background-color:#d6d6d6\">\n<div class=\"wp-block-column is-layout-flow wp-block-column-is-layout-flow\">\n<p class=\"has-text-align-center\">Offrez-vous une fantastique exp\u00e9rience de diner avec nous&nbsp;! Notre chef Dan cr\u00e9e des plats app\u00e9tissants \u00e0 partir d&rsquo;ingr\u00e9dients frais d&rsquo;origine locale, garantissant que chaque bouch\u00e9e est un d\u00e9lice. Profitez d&rsquo;une atmosph\u00e8re d\u00e9tendue et accueillante, id\u00e9ale pour retrouver les autres membres, les amis et la famille. Que vous recherchiez une bouch\u00e9e rapide ou un repas tranquille, notre diner offre quelque chose pour tout le monde. Ne manquez pas cette occasion de savourer de d\u00e9licieux plats dans un cadre spectaculaire au bord du lac.<\/p>\n\n\n\n<div class=\"wp-block-buttons is-layout-flex wp-block-buttons-is-layout-flex\">\n<div class=\"wp-block-button has-custom-width wp-block-button__width-100\"><a class=\"wp-block-button__link has-vivid-cyan-blue-background-color has-background wp-element-button\" href=\"https:\/\/www.pcyc.qc.ca\/wp-content\/uploads\/2025\/05\/Food-Menu-2025-English-Correct.pdf\" style=\"border-radius:10px\" target=\"_blank\" rel=\"noreferrer noopener\">MENU<\/a><\/div>\n<\/div>\n\n\n\n<p class=\"has-text-align-center\">(Sous r\u00e9serve de modifications)<\/p>\n<\/div>\n\n\n\n<div class=\"wp-block-column is-layout-flow wp-block-column-is-layout-flow\">\n<figure class=\"wp-block-image size-full\"><img loading=\"lazy\" decoding=\"async\" width=\"640\" height=\"421\" src=\"https:\/\/www.pcyc.qc.ca\/wp-content\/uploads\/2024\/06\/burger3-1.jpg\" alt=\"\" class=\"wp-image-3525\" srcset=\"https:\/\/www.pcyc.qc.ca\/wp-content\/uploads\/2024\/06\/burger3-1.jpg 640w, https:\/\/www.pcyc.qc.ca\/wp-content\/uploads\/2024\/06\/burger3-1-360x237.jpg 360w\" sizes=\"auto, (max-width: 640px) 100vw, 640px\" \/><\/figure>\n<\/div>\n<\/div>\n","protected":false},"excerpt":{"rendered":"<p>Ouvert \u00e0 nos membres et \u00e0 leurs invit\u00e9s Offrez-vous une fantastique exp\u00e9rience de diner avec nous&nbsp;! Notre chef Dan cr\u00e9e des plats app\u00e9tissants \u00e0 partir d&rsquo;ingr\u00e9dients frais d&rsquo;origine locale, garantissant que chaque bouch\u00e9e est un d\u00e9lice. Profitez d&rsquo;une atmosph\u00e8re d\u00e9tendue et accueillante, id\u00e9ale pour retrouver les autres membres, les amis et la famille. Que vous [&hellip;]<\/p>\n","protected":false},"template":"","event-category":[],"class_list":["post-3276","event","type-event","status-publish","hentry"],"acf":[],"_links":{"self":[{"href":"https:\/\/www.pcyc.qc.ca\/fr\/wp-json\/wp\/v2\/event\/3276","targetHints":{"allow":["GET"]}}],"collection":[{"href":"https:\/\/www.pcyc.qc.ca\/fr\/wp-json\/wp\/v2\/event"}],"about":[{"href":"https:\/\/www.pcyc.qc.ca\/fr\/wp-json\/wp\/v2\/types\/event"}],"wp:attachment":[{"href":"https:\/\/www.pcyc.qc.ca\/fr\/wp-json\/wp\/v2\/media?parent=3276"}],"wp:term":[{"taxonomy":"event-category","embeddable":true,"href":"https:\/\/www.pcyc.qc.ca\/fr\/wp-json\/wp\/v2\/event-category?post=3276"}],"curies":[{"name":"wp","href":"https:\/\/api.w.org\/{rel}","templated":true}]}}

<p class="has-text-align-center">Ouvert à nos membres et à leurs invités</p>



<div class="wp-block-columns has-background is-layout-flex wp-container-core-columns-is-layout-9d6595d7 wp-block-columns-is-layout-flex" style="background-color:#d6d6d6">
<div class="wp-block-column is-layout-flow wp-block-column-is-layout-flow">
<p class="has-text-align-center">Offrez-vous une fantastique expérience de diner avec nous&nbsp;! Notre chef Dan crée des plats appétissants à partir d&rsquo;ingrédients frais d&rsquo;origine locale, garantissant que chaque bouchée est un délice. Profitez d&rsquo;une atmosphère détendue et accueillante, idéale pour retrouver les autres membres, les amis et la famille. Que vous recherchiez une bouchée rapide ou un repas tranquille, notre diner offre quelque chose pour tout le monde. Ne manquez pas cette occasion de savourer de délicieux plats dans un cadre spectaculaire au bord du lac.</p>



<div class="wp-block-buttons is-layout-flex wp-block-buttons-is-layout-flex">
<div class="wp-block-button has-custom-width wp-block-button__width-100"><a class="wp-block-button__link has-vivid-cyan-blue-background-color has-background wp-element-button" href="https://www.pcyc.qc.ca/wp-content/uploads/2025/05/Food-Menu-2025-English-Correct.pdf" style="border-radius:10px" target="_blank" rel="noreferrer noopener">MENU</a></div>
</div>



<p class="has-text-align-center">(Sous réserve de modifications)</p>
</div>



<div class="wp-block-column is-layout-flow wp-block-column-is-layout-flow">
<figure class="wp-block-image size-full"><img loading="lazy" decoding="async" width="640" height="421" src="https://www.pcyc.qc.ca/wp-content/uploads/2024/06/burger3-1.jpg" alt="" class="wp-image-3525" srcset="https://www.pcyc.qc.ca/wp-content/uploads/2024/06/burger3-1.jpg 640w, https://www.pcyc.qc.ca/wp-content/uploads/2024/06/burger3-1-360x237.jpg 360w" sizes="auto, (max-width: 640px) 100vw, 640px" /></figure>
</div>
</div>

<p>Ouvert à nos membres et à leurs invités Offrez-vous une fantastique expérience de diner avec nous&nbsp;! Notre chef Dan crée des plats appétissants à partir d&rsquo;ingrédients frais d&rsquo;origine locale, garantissant que chaque bouchée est un délice. Profitez d&rsquo;une atmosphère détendue et accueillante, idéale pour retrouver les autres membres, les amis et la famille. Que vous [&hellip;]</p>
