{"id":1240,"date":"2022-03-20T17:26:52","date_gmt":"2022-03-20T21:26:52","guid":{"rendered":"https:\/\/www.pcyc.qc.ca\/?post_type=event&#038;p=1240"},"modified":"2022-03-20T17:26:52","modified_gmt":"2022-03-20T21:26:52","slug":"journee-nationale-de-la-verite-et-de-la-reconciliation","status":"publish","type":"event","link":"https:\/\/www.pcyc.qc.ca\/fr\/evenement\/journee-nationale-de-la-verite-et-de-la-reconciliation\/","title":{"rendered":"Journ\u00e9e nationale de la v\u00e9rit\u00e9 et de la r\u00e9conciliation"},"content":{"rendered":"","protected":false},"excerpt":{"rendered":"","protected":false},"template":"","event-category":[],"class_list":["post-1240","event","type-event","status-publish","hentry"],"acf":[],"_links":{"self":[{"href":"https:\/\/www.pcyc.qc.ca\/fr\/wp-json\/wp\/v2\/event\/1240","targetHints":{"allow":["GET"]}}],"collection":[{"href":"https:\/\/www.pcyc.qc.ca\/fr\/wp-json\/wp\/v2\/event"}],"about":[{"href":"https:\/\/www.pcyc.qc.ca\/fr\/wp-json\/wp\/v2\/types\/event"}],"wp:attachment":[{"href":"https:\/\/www.pcyc.qc.ca\/fr\/wp-json\/wp\/v2\/media?parent=1240"}],"wp:term":[{"taxonomy":"event-category","embeddable":true,"href":"https:\/\/www.pcyc.qc.ca\/fr\/wp-json\/wp\/v2\/event-category?post=1240"}],"curies":[{"name":"wp","href":"https:\/\/api.w.org\/{rel}","templated":true}]}}

Journée nationale de la vérité et de la réconciliation
